 361*k + 11042. Calculate u(-39).
5
Let t(s) = -190021*s + 1710154. Calculate t(9).
-35
Let d(s) = -19824*s + 19777. Determine d(1).
-47
Let u(r) = -5*r**2 + 694*r + 4303. Give u(-6).
-41
Let y(l) = 70884*l + 779712. Determine y(-11).
-12
Let l(b) = 16*b**2 - 1320*b + 661. Give l(82).
5
Let c(x) = -12*x**2 - 1247*x - 3535. Give c(-101).
0
Let b(v) = -5506*v - 10099. Calculate b(-2).
913
Let j(u) = 17553*u + 824993. Give j(-47).
2
Let k(m) = 5988*m + 125496. What is k(-21)?
-252
Let v(m) = 34*m**2 + 9689*m + 9344. Determine v(-284).
-28
Let m(v) = -9*v**2 - 31*v + 341. Determine m(-12).
-583
Let d(j) = -35*j**3 - 1399*j**2 + 33*j - 112. What is d(-40)?
168
Let p(j) = -j**2 - 741*j - 47583. What is p(-71)?
-13
Let p(f) = 21269*f - 2190704. Determine p(103).
3
Let a(i) = -2*i**3 - 83*i**2 + 71*i - 2543. Determine a(-43).
-49
Let v(g) = -3*g**2 - 193*g + 2629. Determine v(-77).
-297
Let s(l) = 140844*l - 1690099. Give s(12).
29
Let s(n) = -3*n**3 + 38*n**2 + 747*n - 9335. Give s(13).
207
Let z(s) = -s**3 + 273*s**2 + 1970*s - 3192. What is z(280)?
-392
Let z(j) = 23*j**2 + 1602*j + 167. Give z(-69).
-868
Let n(p) = -3*p**3 + 351*p**2 - 2917*p + 4. Give n(9).
-5
Let x(q) = -q**3 - 11*q**2 + 263*q + 1143. What is x(-4)?
-21
Let o(i) = i**3 + i**2 + 188502*i + 565509. Determine o(-3).
-15
Let t(f) = 2501*f + 657770. What is t(-263)?
7
Let q(l) = -270760*l - 1353824. Calculate q(-5).
-24
Let b(f) = 611838*f - 5506541. Give b(9).
1
Let x(v) = 659355*v + 1978079. Give x(-3).
14
Let d(x) = 39*x - 1. Calculate d(45).
1754
Let c(j) = 43*j**2 + 24*j + 190. What is c(-6)?
1594
Let l(c) = c**2 - 65*c - 2718. What is l(99)?
648
Let q(i) = 23*i**2 - 2440*i + 241. Determine q(106).
29
Let b(t) = 22*t**3 + 1258*t**2 + 15602*t + 88. Calculate b(-39).
10
Let m(y) = -14*y**2 - 2776*y - 78244. Calculate m(-34).
-44
Let b(v) = -v**3 + 9*v**2 - 1353*v + 12168. What is b(9)?
-9
Let n(p) = -385*p**2 - 261*p + 529. What is n(2)?
-1533
Let y(l) = l**3 + 104*l**2 - 2467*l - 476. Determine y(-124).
-2088
Let p(n) = 2688*n + 4898. Determine p(-2).
-478
Let c(k) = -10999*k + 3035792. What is c(276)?
68
Let v(k) = -11*k**2 + 88*k + 60. Give v(14).
-864
Let l(c) = -20337*c + 101687. Give l(5).
2
Let s(o) = -70*o**3 + 6*o**2 - 40*o + 109. What is s(3)?
-1847
Let t(q) = -13*q**2 - 566*q - 439. What is t(-45)?
-1294
Let x(c) = -c**2 + 2815*c - 44787. Give x(16).
-3
Let j(o) = 22*o**2 - 82*o - 794. Determine j(8).
-42
Let o(w) = -w**3 + 73*w**2 + 1327*w + 62. Give o(-15).
-43
Let j(l) = -92*l - 10685. Calculate j(-116).
-13
Let o(i) = -11511*i + 69062. Determine o(6).
-4
Let d(t) = -t**2 + 69*t + 2088. Determine d(95).
-382
Let s(d) = -d**3 - 24*d**2 + 22839*d + 614464. Give s(-27).
-2
Let b(h) = -117807*h + 471105. What is b(4)?
-123
Let p(f) = 140*f - 5292. Give p(46).
1148
Let u(f) = -f**2 - 131*f - 3281. Determine u(-65).
1009
Let a(v) = -334*v**3 + 51*v**2 - 119*v + 64. What is a(1)?
-338
Let w(g) = -g**3 + 74*g**2 - 1011*g - 63. What is w(55)?
1807
Let d(c) = -6*c**3 - 32*c**2 + 127*c + 689. Give d(-6).
71
Let h(z) = -6*z**2 + 2441*z - 103335. Calculate h(48).
9
Let n(g) = -57*g**3 + 3302*g**2 + 229*g + 177. What is n(58)?
3
Let y(n) = 6*n**2 + 383*n + 7073. Calculate y(-31).
966
Let a(k) = 206847*k - 1034235. Determine a(5).
0
Let v(f) = 3*f**3 - 11*f**2 - 20*f + 14. Determine v(5).
14
Let z(b) = b**3 - 8*b**2 + 14*b + 302. Give z(-8).
-834
Let v(f) = 2*f**3 - 674*f**2 - 679*f + 1848. Determine v(338).
834
Let i(g) = 2*g**2 - 601*g + 42613. Determine i(116).
-191
Let g(t) = 2*t**3 - 80*t**2 - 164*t - 130. What is g(42)?
38
Let a(n) = 33*n**2 - 193*n - 797. Give a(-4).
503
Let p(g) = -14179*g**2 + 397011*g + 26. What is p(28)?
-2
Let q(n) = -404*n - 124154. What is q(-309)?
682
Let o(b) = 6*b**2 - 17823*b - 17829. Determine o(-1).
0
Let j(s) = -s**2 - 64537*s - 838806. Give j(-13).
6
Let q(u) = 4*u**2 + 87*u - 21. Calculate q(-23).
94
Let i(o) = 2*o**3 - 40*o**2 + 307*o - 32. Determine i(11).
1167
Let f(s) = -5581*s - 39104. Give f(-7).
-37
Let h(j) = 50956*j + 19210414. What is h(-377)?
2
Let x(d) = -13*d**2 + 1523*d + 7892. Give x(-5).
-48
Let a(p) = -16864*p - 489066. What is a(-29)?
-10
Let d(r) = 161417*r + 21629890. Give d(-134).
12
Let j(m) = m**3 - 64*m**2 + 42*m + 1300. What is j(63)?
-23
Let w(t) = t**2 - 701*t + 8076. Give w(12).
-192
Let y(z) = 41*z**3 + 32*z**2 - 110*z - 2. Calculate y(-2).
18
Let x(j) = -2*j**3 - 599*j**2 - 298*j + 86. What is x(-299)?
-213
Let y(a) = -a**3 - 23*a**2 + 162*a + 35. Calculate y(-29).
383
Let s(d) = d**3 - 61*d**2 + 214*d - 21496. Calculate s(63).
-76
Let a(d) = -d**2 - 55806*d - 557959. What is a(-10)?
1
Let x(r) = 9*r**3 + 2*r**2 + 2205*r + 1. What is x(0)?
1
Let f(d) = -5*d**2 - 241*d + 286. Give f(-48).
334
Let y(a) = 8*a**2 - 11618*a - 69605. Determine y(-6).
391
Let x(a) = -177289*a - 23047574. Calculate x(-130).
-4
Let b(t) = 12457*t + 236679. Calculate b(-19).
-4
Let i(w) = 223247*w - 4688189. Calculate i(21).
-2
Let o(q) = -q**3 - 838*q**2 + 4414*q + 167677. Calculate o(-843).
-80
Let j(l) = 2*l**3 + 15*l**2 - 73*l + 80. What is j(6)?
614
Let c(d) = -1426*d - 539. Determine c(1).
-1965
Let a(r) = -r**2 - 18*r + 884. Give a(-44).
-260
Let r(b) = 1281*b**2 + 11535*b + 60. Determine r(-9).
6
Let s(g) = g**2 + 11206*g - 11207. Determine s(1).
0
Let h(s) = -2*s**2 + 19*s + 6894. Calculate h(-54).
36
Let c(y) = -y**3 + 57*y**2 + 286*y - 6374. Determine c(60).
-14
Let b(j) = -230116*j + 690298. Determine b(3).
-50
Let v(x) = x**3 - 192*x**2 - 71*x - 22855. Give v(193).
691
Let u(x) = 282*x - 1546. Give u(7).
428
Let q(a) = a**2 + 3341*a + 2539066. Give q(-1169).
-2
Let q(z) = -180*z**2 + 369*z + 1111. Give q(-3).
-1616
Let h(f) = -433*f**2 + 14*f + 27594. What is h(8)?
-6
Let g(x) = 23*x**2 + 1677*x - 27041. Determine g(16).
5679
Let w(q) = 2*q**3 + 1477*q**2 + 730*q - 5895. Calculate w(-738).
9
Let q(z) = z**2 + 483*z + 3768. Give q(-8).
-32
Let l(a) = a**3 - 69*a**2 + 867*a + 145. Determine l(19).
-1432
Let p(u) = -2*u**2 + 57*u - 1200. What is p(18)?
-822
Let u(i) = 39*i**3 + 2220*i**2 - 86*i + 4776. Calculate u(-57).
-69
Let l(k) = -3224*k**2 + 22662*k + 12. Calculate l(7).
670
Let s(w) = w**3 + 542*w - 2664. Give s(5).
171
Let d(r) = -10982*r - 65859. Determine d(-6).
33
Let l(m) = 32*m - 1053. Calculate l(18).
-477
Let a(x) = -325*x - 2623. What is a(-9)?
302
Let w(p) = p**3 + 69*p**2 + 1229*p + 1348. What is w(-35)?
-17
Let q(l) = -l**3 - 523*l**2 - 4105*l + 113. Determine q(-8).
-7
Let b(y) = -3*y**3 - 38*y**2 - 53*y - 431. What is b(-12)?
-83
Let u(w) = w**2 - 28504*w - 484874. Determine u(-17).
-17
Let i(q) = -2*q**3 + 193*q**2 - 2820*q + 45. Give i(19).
2420
Let y(o) = 19675*o - 275452. Calculate y(14).
-2
Let k(n) = -221*n**2 - 782*n - 683. Calculate k(-2).
-3
Let a(y) = 2*y**2 - 97*y + 791. Determine a(47).
650
Let v(j) = j**2 + 46180*j - 2867005. Calculate v(62).
-1
Let p(g) = 3*g**3 + 13*g**2 - 4986*g + 95. Determine p(-43).
9
Let k(u) = -20*u**2 - 457*u - 1131. What is k(-21)?
-354
Let q(p) = p**3 + 274*p**2 + 4373*p + 1015. What is q(-257)?
-13
Let n(w) = 1825*w - 80781. Determine n(44).
-481
Let y(m) = -1571*m + 130387. What is y(83)?
-6
Let a(b) = 571*b + 33716. Determine a(-59).
27
Let o(l) = -l**3 + 44*l**2 + 2321*l + 295. What is o(75)?
-5
Let g(d) = 2*d**2 + 188*d + 1880. Give g(-31).
-2026
Let v(h) = 443*h**3 - 6*h**2 - 66*h - 61. Give v(-1).
-444
Let s(h) = -8*h**3 + 474*h**2 - 133*h + 517. What is s(59)?
-368
Let y(c) = -c**3 + 199*c**2 - 1711*c + 34959. Calculate y(191).
6
Let y(d) = -21*d**3 - 174*d**2 - 127*d - 1. Calculate y(-8).
631
Let i(k) = 9*k**3 + 684*k**2 + 52*k + 3956. Give i(-76).
4
Let k(g) = 1572*g**3 + 6*g**2 - 13*g - 20. What is k(-1)?
-1573
Let g(h) = h**2 + 13*h - 12. Give g(-30).
498
Let b(q) = -2*q**2 + 5014*q - 711510. Calculate b(151).
2
Let c(k) = k**2 + 1704*k + 5132. Determine c(-3).
29
Let x(d) = -1696*d + 32219. Calculate x(19).
-5
Let u(h) = 47*h + 10316. Give u(-219).
23
Let w(n) = n**3 - n**2 + 12*n - 11. Determine w(0).
-11
Let y(h) = 25*h**3 - 216*h**2 - 85*h + 61. Calculate y(9).
25
Let v(y) = 33526*y + 536389. Determine v(-16).
-27
Let c(j) = -4*j**3 - 47*j**2 - 13*j + 49. Determine c(0).
49
Let h(l) = 2*l**2 - 6789*l - 61119. Give h(-9).
144
Let w(i) = -8*i**2 - 17